**3 - n**3. Calculate a(-6).
2
Suppose -g + 6 = -s, -3*g - 10 = 4*s + 14. Let y(k) = k**2 + 1. Let m(a) = 11*a**2 - 2*a + 5. Let f(n) = s*y(n) + m(n). Calculate f(-1).
6
Let k(j) = j**3 + 4*j**2 + j + 2. Suppose 28 = -5*x + y - 3*y, 0 = -x - 4*y - 20. Determine k(x).
-2
Let q(l) be the third derivative of -l**4/24 - 4*l**3/3 + 2*l**2. Determine q(-7).
-1
Let j(u) be the first derivative of u**5/60 - u**4/6 - 2*u**3/3 - u**2/2 - 4. Let x(g) be the second derivative of j(g). Determine x(5).
1
Let y(n) = -2*n + 5. Let q(c) = -3*c - 69. Let p be q(-25). Give y(p).
-7
Suppose -4*c - 178 + 154 = 0. Let v(l) = -5*l - 5*l + 3*l - l**2. What is v(c)?
6
Suppose -3 = -2*d - a, 0*d + 5*a = -5*d + 15. Suppose -3*u + 12 = 5*f, -4*f + 14 - 2 = 3*u. Suppose d*s + 2*s = f. Let h(v) = v**2 + v - 7. Calculate h(s).
-7
Suppose -5*y = u - 76, -34 = -2*y - u - 3*u. Suppose -m = -6*m + y. Let t(v) = -2*v**2 + 4*v - 2. Give t(m).
-8
Let g(f) = -3*f + 2. Let v be (4/10)/(1/5). Give g(v).
-4
Let l(y) = -y**2 - 8*y - 5. Suppose 4*c - 3*u = -6 - 34, 0 = 4*u - 16. What is l(c)?
2
Let r(z) = z**2. Let q(n) = -n + 4. Let y be q(-5). Let l be (-3)/y + 4/(-6). Give r(l).
1
Let r = -26 + 35. Let u(y) = y**2 - 6*y + 3. Let a be u(6). Suppose -a = 2*p + r. Let q(v) = v + 3. Determine q(p).
-3
Let r(y) = 0 + 28*y + 0 - 27*y. Determine r(-6).
-6
Suppose -4*z - 2*h + 6 = 0, 5*z + 5*h + 29 = 6*z. Let u(i) = i**2 - 5. Let j(a) = a**2 + a - 5. Let n(t) = -2*j(t) + 3*u(t). Calculate n(z).
3
Let n be 38/6 - (-2)/(-6). Suppose -z = 3*m - 11, -1 = -0*m + 3*m + 4*z. Let b = n - m. Let f(q) = 5*q**2 - q. Give f(b).
4
Let v = -30 + 42. Let g be -1 - 1 - v/(-3). Let r(f) = -4*f**2 + f**3 + f - 2 + 0 + 0*f + 3*f**g. What is r(2)?
4
Let r(q) be the first derivative of 3*q**4/4 + 2*q**3/3 - q - 2. Let o be r(1). Let b(j) be the third derivative of -j**4/24 + j**3/3 - 3*j**2. Determine b(o).
-2
Let d(n) be the second derivative of n**5/10 + n**4/12 - 2*n. Let s(f) = -f - 3. Let c be s(-4). Calculate d(c).
3
Let c(i) = i**2 + 7*i - 6. Let z(p) = -p**2 - 8*p + 7. Let o(s) = -6*c(s) - 5*z(s). Determine o(-2).
1
Let d(l) = 5*l**3 - 12*l**2 - 6*l + 9. Let r(u) = -u**3 + u**2 - 1. Let o(j) = d(j) + 6*r(j). Let b be (25/(-4))/5 + 105/(-28). Give o(b).
8
Let j(k) be the first derivative of k**2/2 + k - 7. Determine j(3).
4
Let p(k) = 4 + 10*k + 6*k - 15*k. Let y be p(-4). Let l(d) = -d**3 - d**2 - d + 4. Determine l(y).
4
Let l(u) = -7*u**2 - 13*u - 11. Let b(y) = -3*y**2 - 7*y - 6. Let h(j) = 5*b(j) - 2*l(j). Let w(c) = c**3 + 5*c**2 + 5*c - 3. Let i be w(-4). Give h(i).
6
Let u(n) be the third derivative of n**6/120 - n**5/20 - 5*n**4/24 + n**2. Let k be u(4). Let g(x) = x**3 + 5*x**2 + 5*x + 1. What is g(k)?
-3
Let k(d) = 252 - d**2 - d**2 - d - 251. Let j(q) = 3*q + 1. Let r be j(1). Suppose -2*m + r = 2*m. What is k(m)?
-2
Let s(c) = c**3 + 3*c**2 - 5*c - 2. Let k(u) = -13*u**2 - 2*u + 1. Let a be k(1). Let i = -8 - a. Let q be 1/((-1)/(-2)) - i. Give s(q).
2
Let i(m) = -m**2. Let y(k) = 3*k**2 + k + 3. Let f(c) = 2*i(c) + y(c). Let x = 41 + -26. Suppose -10*v = -x*v. Give f(v).
3
Let g(o) = -o**3 + 4*o**2 + 4*o - 1. Let a(u) = -6*u**3 + 19*u**2 + 19*u - 6. Let q(r) = 2*a(r) - 11*g(r). Give q(-5).
4
Let p(h) = h**2 + 19*h + 14. Let m be p(-18). Let a(l) = -2*l - 3. Give a(m).
5
Let h = -6 - -6. Let m(x) = 0*x + 6*x - x**2 - 11 + 2*x**2 - 5*x. Determine m(h).
-11
Let h(d) = -3*d - 11. Let s(i) = 2*i + 11. Let q(v) = -3*h(v) - 4*s(v). Let w(m) = -2*m - 6. Let g be w(-6). Give q(g).
-5
Let y(j) = -j - 1. Let l be y(6). Let d(x) = x - 6. Determine d(l).
-13
Let q be (54/(-63))/((-16)/28). Let v(o) be the second derivative of -1/12*o**4 - 2*o + 0 + 5/6*o**3 - q*o**2. Give v(5).
-3
Let b(h) be the first derivative of -h**4/4 + 10*h**3/3 - 9*h**2/2 + 6. What is b(9)?
0
Let f(v) = 2 - 1 + v + 3. Let j be (15 - 11) + (-1 - 9). Calculate f(j).
-2
Let m(n) = n. Let g = 16 + -2. Let r be 4/(-14) + 88/g. Suppose 0 = -2*y - r, -2*q + y = -y. Calculate m(q).
-3
Suppose -5*q + 25 = 3*y - 0*y, -2*q + 29 = 5*y. Let i(j) be the second derivative of 0 + 2*j - j**3 + 5/2*j**2 + 1/12*j**4. Give i(y).
0
Let u(n) = -n**2 - 3*n - 4. Suppose -9 = y - 4*d, 4*d - 33 + 4 = 5*y. Let j = y - -1. Give u(j).
-8
Let o(j) = j + 3. Let a = 0 + 4. Suppose 0*q - 2*q - 4*v = 28, -40 = a*q + 4*v. Give o(q).
-3
Let i(f) = 4*f - 17. Let n(b) = 2*b - 8. Let j(r) = 3*i(r) - 7*n(r). Suppose 0 = 2*q + 2, -15 + 91 = -5*k - q. Let y = -10 - k. What is j(y)?
-5
Let o(a) = -a**3 - 4*a**2 - a - 5. Let z be o(-4). Let k = z - -1. Let l(h) = -h**3 + h**2 - 5. What is l(k)?
-5
Let l(h) = 2*h**2 - 5*h + 14. Let g(m) = -3*m**2 + 8*m - 21. Suppose -2*p - 18 = -6*p - a, -5*a - 35 = -5*p. Let s(t) = p*g(t) + 7*l(t). Determine s(5).
-7
Let o(b) = -6*b**2 - 1. Let n = -5 + 11. Let m = n - 5. Give o(m).
-7
Let u(v) = 2*v**2 + 2*v + 3. Let a(r) = -r**2 + r + 1. Let b(m) = -3*a(m) - u(m). What is b(6)?
0
Let f be 6/2 + -7 + -1 + 6. Let m(t) = 11*t**2 + t. What is m(f)?
12
Let o(i) = -i. Let f be (2 + 0 + -1)/(-1). Let g(x) = 5*x - 2. Let y(r) = f*g(r) - 2*o(r). Calculate y(-3).
11
Suppose -3*q - 2*q = 0. Suppose q = -3*d - 5*j + j - 7, 0 = 3*d - 4*j - 1. Let g(r) = 5*r**3 + r**2 + 2*r + 1. Calculate g(d).
-5
Suppose -v = -3*c - 6*v - 6, 2 = -c + 5*v. Let b(o) be the second derivative of -o**3/2 + o**2 - 35*o. Determine b(c).
8
Suppose 6 = 4*p - 10. Let q(t) be the second derivative of -t**5/20 + t**4/4 + t**3/3 - t**2 + 16*t. Determine q(p).
-10
Let y(p) = -p**2. Suppose 8*d - 3*d - 20 = 0, 3*d - 12 = -2*z. Give y(z).
0
Let z(m) be the first derivative of -5*m + 1/3*m**3 + 2 + 5/2*m**2. Let y be ((-5)/1*-1)/(-1). Determine z(y).
-5
Let u be 6/(-15) - (-24)/10. Let s(r) = -r**3 - 2*r - r**2 + u*r**2 + 3*r**2 + 4. Calculate s(3).
7
Let b(d) = d - 2. Let g = 19 + -21. Give b(g).
-4
Let i(t) = -12*t. Let j(r) = 13*r. Let a(x) = 4*i(x) + 3*j(x). Give a(-1).
9
Let o(h) = h - 6. Let m(l) = -1. Let d(y) = 3*m(y) - o(y). Calculate d(5).
-2
Let g(z) be the second derivative of z**5/20 - z**4/6 - z**3/3 + z**2 + 11*z. Let n(u) = -u**3 + 3*u**2 - 1. Let i be n(2). Calculate g(i).
5
Let w(p) = -p**2 - 9*p - 6. Suppose 8*d = 17*d + 54. What is w(d)?
12
Let a(q) be the third derivative of 0 + 1/20*q**5 - 1/12*q**4 + 1/6*q**3 - 1/120*q**6 - 3*q**2 + 0*q. Suppose 2*i + 10 = 7*i. Give a(i).
1
Let g(x) = x**3 + 4*x**2 - 6*x - 3. Suppose -b + 52 = 3*b. Suppose 0*p - 2*p = z + 2, -3*p - b = -z. Suppose z*k + 2*v + 22 = 0, -1 = -4*v - 5. Calculate g(k).
2
Let h(b) = -3*b + 7. Let m(j) = -2*j**3 - 3*j**2 + 2. Let x be ((-1)/2)/((-1)/(-4)). Let g be m(x). Give h(g).
-11
Let i(u) = 9*u + 37. Let p be i(-4). Let c = 8 + -5. Let j(d) = -3 - 6*d**c + 3 - 1. What is j(p)?
-7
Let g(o) = 2*o**2 - 2*o - 1. Suppose 24*j + 1 = 23*j. Give g(j).
3
Suppose 0 = -296*w + 301*w - 15. Let r = -10 - -7. Let s(h) = h + 4. Let v(o) = 4. Let a(n) = r*s(n) + 4*v(n). Determine a(w).
-5
Suppose 2 + 4 = 3*w. Let b(a) = w + 5*a**2 + 0*a**2 + 3*a - 4*a**2. Determine b(-3).
2
Let q = -173 + 173. Let x(i) = i + 9. Let d(v) = -2*v - 19. Let l(k) = 6*d(k) + 13*x(k). What is l(q)?
3
Let n(o) = 3*o + o - 3 + 0*o. Suppose -5*w + 2*h - 42 = 0, -34 = 3*w + 3*h - 2*h. Let b be (w/(-40))/((-1)/(-8)). Determine n(b).
5
Let k(v) = -13*v + v**2 + 24*v - v**3 - 6*v + 6 + 4*v**2. Determine k(6).
0
Let t(b) be the second derivative of -2*b**3/3 + 2*b**2 - b. Give t(5).
-16
Let f(x) = x**2 - 2*x - 2. Let o(r) = r**3 - 13*r**2 + 3*r - 35. Let s be o(13). Give f(s).
6
Let a(u) be the second derivative of -u**4/12 - u**3/6 + 7*u**2/2 - 5*u. Determine a(0).
7
Let f(t) = -4 + 5*t + 24*t**2 + 12 - 31*t**2 + t**3. Let i be 8/28 - (-24)/14. Suppose -5 = i*q - 17. Determine f(q).
2
Suppose 5*g - 18*g - 52 = 0. Let k(c) = 3*c + 2 - 1 + 5. Calculate k(g).
-6
Suppose -n + 5*l = 7 + 17, 4*l = 20. Let u(f) = 7*f**3 + f - 1. Calculate u(n).
7
Let b(l) = 3*l**2 + 2*l - 1. Let x be (-16)/(-6) - 10/15. Suppose 0 = -x*u - 2*u. Suppose -23 = -0*n - 3*n + 4*h, u = -n - 3*h - 14. Give b(n).
4
Let s(q) = -6*q**3 + q**2 - 1. Let n be s(-1). Let v(k) = 7*k**2 + k + 3. Let b(x) = 13*x**2 + x + 6. Let p(z) = n*b(z) - 11*v(z). What is p(5)?
3
Let f = -3 - -6. Let j(b) = -f + b + 0*b - 1. Calculate j(5).
1
Let t be ((-6)/9)/(64/(-4)). Let g(o) be the th